derivative of m**3 - 11*m**2 + 7*m. What is the units digit of p(9)?
2
Let c(q) = 147*q - 3. Let r be c(1). Suppose 2*l - r = 18. What is the tens digit of l?
8
Suppose -7*j + 190 - 1 = 0. Suppose -10 + j = l + i, 21 = l - i. What is the units digit of l?
9
Let p(l) = -l**3 - 4*l**2 - 4*l - 3. Let i be p(-2). Suppose 1 = -o + 3. What is the units digit of (i - -26) + (o - 0)?
5
Suppose 2*a = -3*a + 10. Suppose a*n = k - 42, -2*k + 6*n = n - 83. What is the tens digit of k?
4
Let d(f) = -f**3 + 6*f**2 + 15*f - 7. Let k be d(11). Let g = k + 643. What is the tens digit of g?
9
Let v(s) = -s**2 + s + 50. Suppose 4*d + 3 = 3*h, 3*d - 4*h - 2 = -6. What is the tens digit of v(d)?
5
Let u(o) = o**3 + 15*o**2 - 6*o + 17. Let p be u(-15). Suppose 2*i + 2*r - 289 + p = 0, 5*r = 3*i - 313. Suppose 2*t = -0*t + i. What is the units digit of t?
8
Suppose 2816 = 3*x - g, 0 = 5*x + 4*g + 1706 - 6405. Suppose -5*i = -3*w - 0*i + 700, 4*w - i = x. What is the hundreds digit of w?
2
Let v(z) = 2*z**2 - 2*z - 2. Let n be v(2). Suppose -12 = -3*f + 2*i + n, 0 = 4*i - 8. What is the units digit of (-2)/3 - (-196)/f?
2
Suppose -60*l + 12 = -56*l. What is the units digit of 8/(-12) + 125/l?
1
Suppose -5*b + 18 = -2*h, -3*h = b - 6 - 1. Let p = 10 + h. Let k(d) = d**3 - 11*d**2 + d. What is the units digit of k(p)?
1
Let g(x) = -x**2 + 2*x - 3. Let y be g(3). Let z(w) = -5*w + 8*w - 5 + 3*w + 2*w**2. What is the units digit of z(y)?
1
Let s = 18 + -16. Suppose -21 - 1 = -5*f - 2*j, -s*j + 2 = 0. Suppose -120 = f*p - 7*p. What is the tens digit of p?
4
Suppose 25 - 60 = -r. What is the units digit of ((-114)/(-15))/(1/r)?
6
Let x be -3 + 0 - (-3 + -30). What is the tens digit of 5802/x - 2/20*4?
9
Let q(v) = 1294*v**2 + 3*v. What is the tens digit of q(1)?
9
Let j(k) = -k**3 - 2 - 4*k - 13 + k - 18*k**2. What is the tens digit of j(-18)?
3
Let o = 20 - -49. What is the tens digit of o?
6
Let t = -20 - -33. Let i = 25 - t. What is the units digit of 2/(-5) + i/5?
2
Let o = -14 + 16. Suppose o*x = -x. Suppose -5*q + 60 = -x*q. What is the tens digit of q?
1
Let h(u) = 24*u**3 - 4*u**2 + 10*u - 12. What is the hundreds digit of h(3)?
6
Suppose 8*c - 11*c = -15. Suppose -5 = 5*x + c. What is the units digit of x/(-6) - (-52)/6?
9
Let u = 3 + 5. Suppose u = -n + 23. Suppose -m + n = 4*m. What is the units digit of m?
3
Let d(k) = k**3 - 26*k**2 + 10*k - 51. What is the units digit of d(27)?
8
Let y = -23 + 147. What is the hundreds digit of y?
1
Suppose 0 = -3*q - 3 + 6. Suppose -2*p - 4*l + 12 = 0, 5*p + l - 5 + 2 = 0. What is the units digit of q*(30 + -3 - p)?
7
Let a be 8/2*(-1)/(-1). Suppose o + z + a = 0, 0 = 5*o - 4*z - 2 - 14. Suppose -4*m - 12 = o, 2*i = 2*m + 2*m + 54. What is the units digit of i?
1
Let w = -13 - -17. Suppose -3*x = -3*h - 258, -x + 4*x - 253 = w*h. What is the units digit of x?
1
Let b(f) = 3*f + 47. Let k be b(-15). Suppose -2*i + k*r = -32, 0 = 2*i - 4*r + r - 30. What is the tens digit of i?
1
Let b = -56 + 94. Let p = 42 - b. What is the units digit of p?
4
Let n(r) = 24*r**2 + r + 1. Suppose -5*c = t + 9, -5*t - 30 = -10. Let j be n(c). What is the tens digit of 40/(-3)*j/(-10)?
3
Let u = 195 + -288. Let t = u + 146. What is the units digit of t?
3
Let h = 1133 + -658. What is the hundreds digit of h?
4
Let g(s) = s**3 + 6*s**2 + s + 10. Let i be 0 + -1 + 28/(-7). What is the units digit of g(i)?
0
Suppose -3240 - 342 = -18*m. What is the units digit of m?
9
Let m be (-68)/7 + 14/(-49). What is the units digit of 4/m - (-172)/5?
4
Suppose 5 = -g, 5*i - 178 - 72 = 5*g. What is the units digit of i?
5
What is the units digit of -5*8/(-24)*9?
5
Let p be (-78)/52*220/(-3). Suppose 5*h - 5*b = p + 65, 0 = 3*h - 4*b - 101. What is the units digit of h?
9
Let u(k) = -14*k**3 - 5*k**2 + 8*k + 16. What is the tens digit of u(-5)?
0
Let g = -32 - -35. Suppose -4*d + 307 = 3*y - 0*y, g*y = d - 73. What is the tens digit of d?
7
Let l = 891 - 11. What is the hundreds digit of l?
8
Suppose 2 = u - 3*h, 7*h - 5*h = 4*u - 28. Suppose i = u*i - 623. What is the tens digit of i?
8
Suppose -32*i + 29*i = -8013. What is the thousands digit of i?
2
Let d(s) = 84*s**2 + 41*s + 26. What is the thousands digit of d(-5)?
1
What is the hundreds digit of (-6)/(-1) - (13 - (3065 + 2))?
0
Let j = 761 - 213. Suppose -5*m = 58 - j. What is the units digit of m?
8
Let f be ((-252)/(-147))/(2/14). What is the tens digit of -4*((-567)/f + 1)?
8
Suppose -5*j + 0*j = -20. Suppose -2*u = 5*q + u + 30, 4*u = -j*q - 32. What is the units digit of q*1 - (-50 + 4)?
3
Suppose 0 = 3*k - 4*j - 32, 0 = 3*k - k - 2*j - 24. Suppose -k*r = -10*r - 1464. What is the tens digit of r?
4
What is the hundreds digit of (-27)/(-63) - (38688/28)/(-3)?
4
Let h = 5 + -16. Let b = h - -1. Let r = -8 - b. What is the units digit of r?
2
Let c = 398 - 274. Let h = c + -54. What is the units digit of h?
0
Let v = 624 + -371. What is the hundreds digit of v?
2
Let y(o) = o**3 + 26*o**2 + 44*o + 16. What is the units digit of y(-24)?
2
Let l(p) = 4*p - 1. Let t be l(-4). Let u = t - -71. What is the units digit of u?
4
Suppose 0 = 4*g - 6963 + 1147. What is the tens digit of g?
5
Let f = -729 - -1268. What is the hundreds digit of f?
5
Suppose t - 62 = 3*t. What is the units digit of 112/(-6)*(-2 - t/(-4))?
2
Let q(s) = -s**2 + 13*s - 4. Let m be q(10). Let t = 37 - m. What is the tens digit of t?
1
Suppose -8*b + 1774 = -12522. What is the hundreds digit of b?
7
Suppose k = -z + 366, 2*k - 799 + 47 = 2*z. What is the tens digit of k?
7
Suppose 28*g + 2*g - 16290 = 0. What is the units digit of g?
3
Suppose -6*v + 4*t - 11795 = -11*v, 4*v = -4*t + 9432. What is the hundreds digit of v?
3
Let a be ((-126)/105)/((-2)/5). Suppose a*t + 12*t = 4665. What is the units digit of t?
1
What is the units digit of (-3*(-20)/15)/(6/3516)?
4
Suppose -6*r + 105 = -5*r. Let l = r + -62. What is the units digit of l?
3
Suppose 2*m = 3*g - 3, 2*g - 4 = -5*m + 17. Let y(z) = -z**2 + 13*z - 1. What is the tens digit of y(m)?
2
Let r = 2 - -8. Let l(y) = y**3 + 4*y**2 + 2*y. Let h be l(-3). Suppose h*p - r = 41. What is the units digit of p?
7
Let l(r) = -r + 9. Suppose -5*t + 26 = -2*t - 2*c, -c = 5*t - 52. Let s be l(t). What is the units digit of s/2 + (-90)/(-4)?
2
Suppose 2*s - 2*v + 18 = 5*s, 3*v - 9 = 0. Suppose -s*w + 2 = 6. What is the units digit of (4 - 5)*-43 - w?
4
Suppose -6*m - 348 + 2184 = 0. What is the hundreds digit of m?
3
Let r(l) = -105*l - 173. What is the hundreds digit of r(-16)?
5
Suppose 2*p = 0, -2*t + p - 8250 = -7*t. What is the thousands digit of t?
1
Let o(f) = 43*f + 1. Let n(t) = -687*t - 18. Let w(b) = -2*n(b) - 33*o(b). Let s be 1/(-4) - 6/8. What is the units digit of w(s)?
8
Let a = 36 + 2725. What is the units digit of a?
1
Let q be 2/(-4)*(-5 - -7)*-21. Suppose 0 = -15*r + q*r - 606. What is the units digit of r?
1
Let n(h) = 3*h**2 + 4*h - 54. What is the units digit of n(6)?
8
Let q be (-32)/(-6) + 14/(-42). Let g(b) = -b**3 + 7*b**2 + 9. What is the units digit of g(q)?
9
Let w(s) = 3*s**2 + 2*s + 1. Let u be w(-1). Suppose -2*a = u*a - 20. Suppose z - a*h + 4*h - 46 = 0, 135 = 3*z - 2*h. What is the tens digit of z?
4
Suppose -2*s + 1231 = 3*y, 0*y - 4*s - 1628 = -4*y. What is the tens digit of y?
0
What is the units digit of 9/(-3)*(-1494)/2?
1
Let y be 492/9*3/2. Suppose -y = -2*r + r. What is the units digit of r?
2
Suppose 3*l = -5*s + 1352, -5*l - 3*s + 901 = -3*l. Suppose -97 = 4*a - l. Suppose p = -p + a. What is the units digit of p?
4
Let x(a) = a**2 - 2*a - 12. Suppose -45 = 2*y + 3*y. What is the tens digit of x(y)?
8
Let h(v) be the third derivative of -v**4/6 - 23*v**3/6 - 10*v**2. Let m be h(-7). What is the units digit of 249/m - (-5)/25?
0
Let j(n) = -n**2 - 6*n + 5. Let o be j(-6). Suppose -o*q = -q. Suppose -3*x = -q*x - 30. What is the tens digit of x?
1
Suppose 6*w - 582 = -3*m + 2*w, 0 = 3*m - w - 582. What is the tens digit of m?
9
Let j be (-17062)/(-171) + 2/9. Suppose -12 = -2*b + j. What is the units digit of b?
6
Let a(x) = x**2 - 8*x - 4. Let k be a(9). Let d(b) = 2*b**3 - 5*b**2 - 6*b. What is the units digit of d(k)?
5
Suppose 2*d + 3*d - 520 = 0. Suppose 7*s = 2*s + 270. Let v = d - s. What is the tens digit of v?
5
What is the units digit o